igit of 83109?
8
What is the thousands digit of 24159?
4
What is the units digit of 67006?
6
What is the tens digit of 17?
1
What is the tens digit of 1895?
9
What is the tens digit of 8978?
7
What is the units digit of 10188?
8
What is the hundreds digit of 3895?
8
What is the units digit of 366?
6
What is the thousands digit of 57159?
7
What is the hundreds digit of 1493?
4
What is the units digit of 3847?
7
What is the hundreds digit of 417?
4
What is the tens digit of 665?
6
What is the hundreds digit of 341?
3
What is the hundreds digit of 14977?
9
What is the thousands digit of 4317?
4
What is the tens digit of 4177?
7
What is the units digit of 33026?
6
What is the tens digit of 1961?
6
What is the tens digit of 88447?
4
What is the thousands digit of 1128?
1
What is the tens digit of 40572?
7
What is the ten thousands digit of 18884?
1
What is the units digit of 5979?
9
What is the hundreds digit of 141658?
6
What is the hundreds digit of 374?
3
What is the tens digit of 1224?
2
What is the units digit of 9610?
0
What is the units digit of 6952?
2
What is the thousands digit of 2680?
2
What is the hundreds digit of 51049?
0
What is the hundreds digit of 4920?
9
What is the hundreds digit of 5177?
1
What is the hundreds digit of 22619?
6
What is the units digit of 102?
2
What is the tens digit of 1755?
5
What is the hundreds digit of 1772?
7
What is the ten thousands digit of 12901?
1
What is the hundreds digit of 1639?
6
What is the hundreds digit of 327?
3
What is the hundreds digit of 1606?
6
What is the thousands digit of 1110?
1
What is the thousands digit of 36101?
6
What is the hundreds digit of 6723?
7
What is the hundreds digit of 7663?
6
What is the tens digit of 4928?
2
What is the thousands digit of 3914?
3
What is the thousands digit of 1142?
1
What is the hundreds digit of 17299?
2
What is the tens digit of 21202?
0
What is the units digit of 459?
9
What is the tens digit of 14409?
0
What is the units digit of 1589?
9
What is the tens digit of 2214?
1
What is the units digit of 7525?
5
What is the tens digit of 2021?
2
What is the thousands digit of 2409?
2
What is the tens digit of 428?
2
What is the tens digit of 3518?
1
What is the units digit of 498?
8
What is the ten thousands digit of 66546?
6
What is the thousands digit of 15330?
5
What is the tens digit of 35257?
5
What is the hundreds digit of 6061?
0
What is the tens digit of 1905?
0
What is the tens digit of 7859?
5
What is the tens digit of 6229?
2
What is the thousands digit of 22486?
2
What is the ten thousands digit of 32513?
3
What is the units digit of 31830?
0
What is the thousands digit of 1782?
1
What is the ten thousands digit of 78283?
7
What is the tens digit of 71535?
3
What is the tens digit of 45368?
6
What is the tens digit of 81?
8
What is the tens digit of 569?
6
What is the units digit of 5151?
1
What is the units digit of 9328?
8
What is the thousands digit of 16998?
6
What is the hundreds digit of 3711?
7
What is the ten thousands digit of 91800?
9
What is the ten thousands digit of 22790?
2
What is the tens digit of 12118?
1
What is the tens digit of 58267?
6
What is the hundreds digit of 4107?
1
What is the units digit of 2000?
0
What is the units digit of 3961?
1
What is the hundreds digit of 1746?
7
What is the units digit of 495?
5
What is the thousands digit of 9238?
9
What is the thousands digit of 5471?
5
What is the tens digit of 18745?
4
What is the units digit of 9171?
1
What is the ten thousands digit of 82625?
8
What is the thousands digit of 101365?
1
What is the thousands digit of 3590?
3
What is the tens digit of 34955?
5
What is the units digit of 56262?
2
What is the hundreds digit of 62563?
5
What is the tens digit of 6780?
8
What is the units digit of 371?
1
What is the thousands digit of 4721?
4
What is the units digit of 1264?
4
What is the hundreds digit of 5848?
8
What is the thousands digit of 4531?
4
What is the hundreds digit of 2169?
1
What is the thousands digit of 27355?
7
What is the hundreds digit of 7479?
4
What is the tens digit of 2293?
9
What is the ten thousands digit of 39332?
3
What is the tens digit of 54582?
8
What is the tens digit of 15637?
3
What is the hundreds digit of 110519?
5
What is the hundreds digit of 4841?
8
What is the hundreds digit of 17482?
4
What is the hundreds digit of 628?
6
What is the units digit of 4693?
3
What is the thousands digit of 88997?
8
What is the hundreds digit of 31324?
3
What is the thousands digit of 4263?
4
What is the tens digit of 171?
7
What is the ten thousands digit of 64884?
6
What is the hundreds digit of 1621?
6
What is the tens digit of 2220?
2
What is the tens digit of 872?
7
What is the hundreds digit of 16338?
3
What is the hundreds digit of 10321?
3
What is the units digit of 2495?
5
What is the tens digit of 1701?
0
What is the thousands digit of 1481?
1
What is the units digit of 58045?
5
What is the tens digit of 8086?
8
What is the hundreds digit of 2590?
5
What is the units digit of 1983?
3
What is the ten thousands digit of 13969?
1
What is the thousands digit of 3397?
3
What is the units digit of 12771?
1
What is the thousands digit of 1838?
1
What is the hundreds digit of 1074?
0
What is the units digit of 3760?
0
What is the tens digit of 501?
0
What is the thousands digit of 26295?
6
What is the units digit of 1445?
5
What is the hundreds digit of 75866?
8
What is the units digit of 15?
5
What is the tens digit of 4847?
4
What is the tens digit of 737?
3
What is the units digit of 29042?
2
What is the ten thousands digit of 15964?
1
What is the units digit of 2795?
5
What is the tens digit of 518?
1
What is the units digit of 252?
2
What is the tens digit of 11662?
6
What is the tens digit of 1666?
6
What is the thousands digit of 12623?
2
What is the units digit of 219?
9
What is the tens digit of 375?
7
What is the units digit of 618?
8
What is the tens digit of 2276?
7
What is the units digit of 35115?
5
What is the units digit of 1677?
7
What is the tens digit of 43696?
9
What is the hundreds digit of 3556?
5
What is the units digit of 3514?
4
What is the hundreds digit of 19089?
0
What is the units digit of 326?
6
What is the thousands digit of 2131?
2
What is the hundreds digit of 480?
4
What is the tens digit of 15512?
1
What is the hundreds digit of 1590?
5
What is the ten thousands digit of 22158?
2
What is the ten thousands digit of 46438?
4
What is the thousands digit of 44605?
4
What is the thousands digit of 62122?
2
What is the units digit of 1734?
4
What is the hundreds digit of 114717?
7
What is the tens digit of 1043?
4
What is the hundreds digit of 939?
9
What is the tens digit of 13831?
3
What is the hundreds digit of 2915?
9
What is the units digit of 5324?
4
What is the units digit of 3345?
5
What is the thousands digit of 1687?
1
What is the hundred thousands digit of 150403?
1
What is the ten thousands digit of 14559?
1
What is the hundreds digit of 13465?
4
What is the units digit of 2405?
5
What is the units digit of 395?
5
What is the tens digit of 129?
2
What is the tens digit of 788?
8
What is the thousands digit of 19195?
9
What is the thousands digit of 10566?
0
What is the tens digit of 308?
0
What is the hundreds digit of 720?
7
What is the hundreds digit of 99169?
1
What is the tens digit of 29?
2
What is the tens digit of 662?
6
What is the tens digit of 36976?
7
What is the tens digit of 564?
6
What is the hundreds digit of 18288?
2
What is the hundreds digit of 5092?
0
What is the tens digit of 512?
1
What is the units digit of 13?
3
What is the units digit of 889?
9
What is the units digit of 85750?
0
What is the tens digit of 8387?
8
What is the thousands digit of 25249?
5
What is the units digit of 10832?
2
What is the tens digit of 72139?
3
What is the units digit of 46515?
5
What is the units digit of 884?
4
What is the tens digit of 20688?
8
What is the tens digit of 2811?
1
What is the ten thousands digit of 123040?
2
What is the tens digit of 1383?
8
What is the thousands digit of 21456?
1
What is the units digit of 92?
2
What is the ten thousands digit of 12606?
1
What is the units digit of 21664?
4
What is the units digit of 66743?
3
What is the thousands digit of 2112?
2
What is the thousa